Is 765 a multiple of 85?
True
Is 56266 a multiple of 107?
False
Is 3514 a multiple of 113?
False
Is 6 a factor of 908?
False
Is 25 a factor of 24597?
False
Does 6 divide 72?
True
Does 15 divide 182?
False
Does 23 divide 37718?
False
Is 6 a factor of 4158?
True
Is 16 a factor of 16?
True
Is 13 a factor of 55?
False
Is 115604 a multiple of 46?
False
Does 13 divide 2145?
True
Is 9 a factor of 2473?
False
Is 35 a factor of 10877?
False
Is 3274 a multiple of 10?
False
Is 1811 a multiple of 27?
False
Is 139 a factor of 3779?
False
Is 41 a factor of 2092?
False
Is 7 a factor of 7541?
False
Is 4 a factor of 8?
True
Is 935 a multiple of 11?
True
Does 5 divide 334?
False
Is 13 a factor of 21613?
False
Is 20 a factor of 536?
False
Does 11 divide 25242?
False
Does 35 divide 354?
False
Is 16 a factor of 784?
True
Is 11 a factor of 528?
True
Does 108 divide 3348?
True
Does 16 divide 336?
True
Does 265 divide 24910?
True
Is 350 a multiple of 3?
False
Does 23 divide 9729?
True
Is 71050 a multiple of 50?
True
Is 1216 a multiple of 8?
True
Is 15 a factor of 52080?
True
Is 29 a factor of 87?
True
Is 68 a factor of 20876?
True
Does 73 divide 1857?
False
Is 36 a factor of 9386?
False
Is 3762 a multiple of 22?
True
Is 66 a factor of 3564?
True
Does 20 divide 23283?
False
Is 20 a factor of 760?
True
Is 5108 a multiple of 292?
False
Is 17 a factor of 1904?
True
Is 4 a factor of 165?
False
Does 26 divide 107692?
True
Is 17 a factor of 46897?
False
Is 16807 a multiple of 109?
False
Does 3 divide 183?
True
Is 22 a factor of 60720?
True
Is 65 a factor of 2145?
True
Is 20 a factor of 600?
True
Is 4 a factor of 930?
False
Is 1050 a multiple of 14?
True
Is 167 a factor of 25458?
False
Does 114 divide 6843?
False
Is 1879 a multiple of 74?
False
Does 43 divide 1535?
False
Does 9 divide 1242?
True
Is 37 a factor of 1085?
False
Is 12 a factor of 204?
True
Is 18 a factor of 468?
True
Is 16390 a multiple of 298?
True
Is 22 a factor of 216?
False
Does 100 divide 11736?
False
Does 55 divide 1891?
False
Does 14 divide 9663?
False
Is 5 a factor of 116?
False
Does 20 divide 7205?
False
Is 3 a factor of 19570?
False
Is 33 a factor of 32027?
False
Is 21 a factor of 1612?
False
Is 190 a factor of 44460?
True
Does 3 divide 1503?
True
Is 278 a multiple of 42?
False
Is 32 a factor of 40672?
True
Is 3040 a multiple of 42?
False
Is 750 a multiple of 15?
True
Is 5 a factor of 2668?
False
Is 152 a factor of 1141?
False
Is 317 a multiple of 6?
False
Is 18907 a multiple of 6?
False
Is 3136 a multiple of 16?
True
Is 6 a factor of 10944?
True
Does 3 divide 9?
True
Does 15 divide 31815?
True
Is 3756 a multiple of 131?
False
Is 10759 a multiple of 25?
False
Is 25 a factor of 9075?
True
Does 85 divide 14036?
False
Does 3 divide 5967?
True
Is 12 a factor of 19675?
False
Does 8 divide 1489?
False
Is 2122 a multiple of 29?
False
Is 51 a factor of 11373?
True
Is 17 a factor of 612?
True
Is 12 a multiple of 2?
True
Is 4802 a multiple of 98?
True
Is 14 a factor of 579?
False
Is 3510 a multiple of 30?
True
Is 31 a factor of 6195?
False
Is 1638 even?
True
Does 6 divide 8144?
False
Is 1343 a multiple of 28?
False
Is 13 a factor of 32282?
False
Does 131 divide 4978?
True
Is 9424 a multiple of 4?
True
Does 35 divide 32970?
True
Does 12 divide 7200?
True
Is 52 a factor of 2423?
False
Does 23 divide 320?
False
Is 120 a factor of 2927?
False
Does 17 divide 1989?
True
Does 6 divide 5410?
False
Is 880 a multiple of 4?
True
Is 8928 a multiple of 12?
True
Is 7 a factor of 3462?
False
Does 16 divide 5416?
False
Does 33 divide 27568?
False
Is 1184 a multiple of 16?
True
Is 36 a factor of 1584?
True
Does 74 divide 650?
False
Is 82 a factor of 9736?
False
Is 69 a factor of 650?
False
Is 48 a factor of 9094?
False
Is 2700 a multiple of 75?
True
Is 34 a factor of 9906?
False
Is 79 a factor of 24186?
False
Is 14 a factor of 952?
True
Is 3 a factor of 800?
False
Does 15 divide 3643?
False
Is 546 a multiple of 7?
True
Is 18 a factor of 4716?
True
Does 216 divide 3331?
False
Is 1008 a multiple of 42?
True
Is 71 a factor of 5751?
True
Is 13 a factor of 25000?
False
Does 13 divide 34023?
False
Is 4 a factor of 408?
True
Does 37 divide 413?
False
Is 11 a factor of 22660?
True
Is 10935 a multiple of 2?
False
Is 5 a factor of 140?
True
Is 3224 a multiple of 21?
False
Is 62892 a multiple of 12?
True
Is 12292 a multiple of 14?
True
Does 124 divide 2053?
False
Is 10382 a multiple of 11?
False
Is 16 a factor of 496?
True
Is 19185 a multiple of 32?
False
Does 6 divide 3713?
False
Is 50 a factor of 22850?
True
Is 57 a factor of 5928?
True
Is 12 a factor of 1802?
False
Is 11 a factor of 71016?
True
Is 26 a factor of 260?
True
Does 49 divide 833?
True
Is 7 a factor of 56?
True
Does 17 divide 952?
True
Is 124 a factor of 51751?
False
Does 112 divide 18704?
True
Does 3 divide 384?
True
Is 172 a factor of 12531?
False
Is 7 a factor of 1603?
True
Is 1015 a multiple of 11?
False
Is 2036 a multiple of 24?
False
Is 572 a multiple of 22?
True
Is 33417 a multiple of 79?
True
Does 38 divide 4988?
False
Is 25 a factor of 750?
True
Is 1519 a multiple of 49?
True
Does 9 divide 11506?
False
Is 9 a factor of 10494?
True
Is 4564 a multiple of 3?
False
Is 1011 a multiple of 27?
False
Is 64435 a multiple of 36?
False
Is 23 a multiple of 9?
False
Is 28563 a multiple of 13?
False
Is 25575 a multiple of 11?
True
Does 91 divide 1547?
True
Is 61 a factor of 8969?
False
Does 35 divide 3815?
True
Does 14 divide 938?
True
Is 153 a factor of 34229?
False
Is 304 a multiple of 10?
False
Is 2908 a multiple of 66?
False
Is 767 a multiple of 17?
False
Does 27 divide 11065?
False
Is 73 a multiple of 2?
False
Is 720 a multiple of 36?
True
Does 124 divide 8184?
True
Is 45 a factor of 45?
True
Is 1154 a multiple of 6?
False
Is 832 a multiple of 16?
True
Is 48344 a multiple of 15?
False
Is 47 a factor of 1988?
False
Does 12 divide 4234?
False
Is 894 a multiple of 40?
False
Is 922 a multiple of 50?
False
Does 2 divide 639?
False
Is 1044 a multiple of 87?
True
Does 8 divide 78799?
False
Is 3538 a multiple of 122?
True
Is 1890 a multiple of 109?
False
Is 78 a factor of 936?
True
Is 311 a multiple of 5?
False
Does 7 divide 62711?
False
Does 4 divide 8637?
False
Is 628 a multiple of 3?
False
Does 9 divide 150?
False
Is 129 a multiple of 4?
False
Is 13 a factor of 803?
False
Is 33 a factor of 1622?
False
Is 2 a factor of 2070?
True
Is 61 a factor of 1003?
False
Does 8 divide 14454?
False
Does 96 divide 8938?
False
Is 475 a multiple of 2?
False
Is 14 a factor of 4239?
False
Does 37 divide 10782?
False
Is 84 a factor of 11798?
False
Is 25 a factor of 200?
True
Is 128 a factor of 4751?
False
Does 44 divide 646?
False
Is 204 a factor of 52073?
False
Is 12 a factor of 13475?
False
Is 21 a factor of 573?
False
Does 22 divide 22132?
True
Is 5512 a multiple of 53?
True
Is 239 a multiple of 4?
False
Does 48 divide 1485?
False
Does 24 divide 9416?
False
Is 57 a multiple of 4?
False
Does 51 divide 19431?
True
Is 4 a factor of 763?
False
Is 171 a factor of 5867?
False
Does 26 divide 26565?
False
Is 60720 a multiple of 115?
True
Is 4565 a multiple of 5?
True
Is 97 a factor of 23389?
False
Does 9 divide 870?
False
Does 18 divide 2862?
True
Is 55557 a multiple of 35?
False
Does 11 divide 3227?
False
Is 120 a multiple of 2?
True
Is 460 a factor of 117760?
True
Is 35 a factor of 25193?
False
Is 12 a factor of 2748?
True
Is 12 a factor of 396?
True
Is 4 a factor of 1294?
False
Is 320 a multiple of 80?
True
Is 14 a factor of 2716?
True
Is 65968 a multiple of 28?
True
Is 4 a factor of 1045?
False
Is 29 a factor of 38396?
True
Does 28 divide 8420?
False
Is 76 a factor of 3076?
False
Is 4532 a multiple of 14?
False
Does 36 divide 4500?
True
Is 656 a multiple of 27?
False
Does 15 divide 2190?
True
Is 81 a multiple of 81?
True
Does 3 divide 2952?
True
Is 33 a factor of 51810?
True
Is 25607 a multiple of 29?
True
Is 201 a multiple of 15?
False
Is 2 a factor of 605?
False
Is 6 a factor of 685?
False
Is 357 a multiple of 17?
True
Is 49 a factor of 2523?
False
Is 13131 a multiple of 178?
False
Does 38 divide 2356?
True
Is 23210 a multiple of 34?
False
Is 2000 a multiple of 125?
True
Does 61 divide 5314?
False
Is 57 a factor of 7382?
False
Is 3971 even?
False
Is 11 a factor of 4863?
False
Is 86 a factor of 